1693964?
124
What is the greatest common factor of 838 and 73006560?
838
Calculate the greatest common factor of 758245 and 29746.
139
Calculate the highest common divisor of 2689672281 and 57.
57
Calculate the greatest common divisor of 388080 and 17052.
588
What is the highest common factor of 4399861 and 558?
31
Calculate the highest common divisor of 1780 and 667892490.
890
Calculate the highest common divisor of 6327 and 239229.
171
What is the highest common factor of 624807231 and 12594?
6297
Calculate the highest common divisor of 21823 and 1807.
139
What is the highest common divisor of 136318 and 9464?
182
Calculate the highest common divisor of 3305835 and 2115.
45
What is the greatest common factor of 17 and 3823232?
17
What is the greatest common divisor of 2079 and 1164625?
77
Calculate the highest common factor of 290571576 and 24.
24
Calculate the highest common factor of 121474293 and 207.
69
Calculate the highest common factor of 2129615 and 5036095.
3865
What is the highest common divisor of 28178805 and 1140?
285
Calculate the greatest common divisor of 47486451 and 186.
93
What is the highest common divisor of 5867401 and 93?
31
What is the highest common divisor of 32235 and 158165?
35
Calculate the greatest common divisor of 20 and 482313070.
10
What is the greatest common divisor of 6440 and 2441800?
40
Calculate the highest common divisor of 57 and 50720671.
19
Calculate the highest common divisor of 1838210 and 99110.
1870
Calculate the greatest common factor of 2118 and 890619.
1059
Calculate the greatest common factor of 1179921442 and 1302.
434
Calculate the highest common divisor of 7934810 and 1170.
130
What is the highest common divisor of 7886711 and 216419?
5033
Calculate the highest common factor of 35434 and 64967.
7
What is the greatest common factor of 7 and 2270184?
7
Calculate the highest common divisor of 4770642 and 18.
6
What is the highest common factor of 2097 and 85851?
9
Calculate the highest common factor of 4672300 and 100.
100
What is the greatest common divisor of 12560 and 259802030?
1570
Calculate the highest common factor of 1513839596 and 2924.
2924
What is the highest common factor of 313347 and 2666604?
2103
Calculate the highest common factor of 25199688 and 2936.
2936
What is the highest common divisor of 20172730 and 43430?
1010
What is the greatest common divisor of 164905 and 595335?
2795
Calculate the highest common divisor of 228930 and 111810.
30
Calculate the greatest common divisor of 34929 and 2598.
3
What is the greatest common factor of 4167730 and 105?
35
Calculate the greatest common factor of 6269224 and 22984.
1352
What is the highest common divisor of 81127 and 564882?
31
What is the highest common factor of 57720383 and 1372?
343
What is the greatest common divisor of 9509136 and 3144?
24
What is the greatest common factor of 20 and 10952995?
5
Calculate the highest common divisor of 510 and 576585.
15
What is the greatest common factor of 218348793 and 2301?
2301
What is the greatest common divisor of 30 and 23157710?
10
What is the highest common divisor of 23468506 and 106?
106
Calculate the greatest common factor of 4368 and 447398224.
1456
What is the greatest common factor of 8480 and 808768128?
1696
Calculate the greatest common factor of 5164 and 41228.
4
Calculate the highest common factor of 15429916 and 3540.
236
Calculate the greatest common divisor of 2898 and 1925238.
966
What is the greatest common factor of 77792 and 377?
13
Calculate the highest common factor of 11868378 and 18.
6
What is the highest common divisor of 205 and 62765588?
41
Calculate the greatest common factor of 2918134 and 114.
38
What is the greatest common divisor of 3807940 and 8860?
20
Calculate the greatest common factor of 2853 and 3155418.
2853
Calculate the greatest common factor of 1574946 and 2124.
1062
Calculate the greatest common divisor of 135739800 and 7600.
3800
Calculate the greatest common divisor of 243435387 and 7539.
1077
What is the highest common divisor of 8055 and 8013830?
895
What is the highest common factor of 224547 and 29302093?
2581
What is the highest common factor of 137800973 and 1?
1
Calculate the highest common factor of 310 and 3771646.
62
What is the highest common divisor of 1339200 and 3162?
186
What is the highest common divisor of 149 and 661920431?
149
Calculate the greatest common divisor of 3487648 and 352.
32
Calculate the highest common factor of 5514264 and 21.
21
What is the highest common divisor of 2947 and 250924841?
421
What is the greatest common factor of 68950989 and 9?
9
What is the greatest common divisor of 499789 and 2724738?
2537
What is the highest common factor of 24904 and 30847?
283
Calculate the greatest common divisor of 1830820 and 460.
20
Calculate the highest common divisor of 68522020 and 28.
28
What is the greatest common divisor of 1152994635 and 273?
39
What is the highest common factor of 33467 and 60787?
683
What is the highest common factor of 2420 and 364684320?
2420
What is the greatest common divisor of 10707312 and 840?
168
What is the greatest common divisor of 124 and 666944168?
124
Calculate the highest common factor of 8134 and 143590.
166
What is the greatest common divisor of 4410 and 230342?
14
Calculate the highest common factor of 2496 and 67383744.
192
Calculate the greatest common factor of 6468 and 616056.
84
What is the greatest common divisor of 4477 and 988381?
37
Calculate the highest common factor of 35 and 9001650.
35
Calculate the greatest common factor of 2157 and 189572259.
2157
What is the highest common factor of 5 and 435549805?
5
Calculate the greatest common divisor of 15055082 and 51611.
511
What is the highest common divisor of 1798016 and 1360?
16
Calculate the highest common divisor of 270 and 486712935.
135
Calculate the greatest common factor of 7860321 and 90153.
1701
What is the highest common factor of 4002 and 2206482?
138
Calculate the greatest common factor of 495 and 15375195.
495
Calculate the greatest common factor of 34 and 1636802.
2
What is the highest common divisor of 1180 and 54246370?
590
Calculate the greatest common factor of 2275623212 and 9244.
9244
Calculate the highest common divisor of 220 and 12182995.
55
What is the greatest common divisor of 918 and 14397453?
459
Calculate the greatest common factor of 7685069 and 430773.
1967
What is the greatest common divisor of 4864006 and 1444072?
1498
Calculate the greatest common factor of 85 and 515360.
5
What is the greatest common divisor of 1821721 and 836?
11
Calculate the highest common factor of 51998830 and 2120.
530
What is the greatest common factor of 18360939 and 366?
183
What is the greatest common factor of 39 and 333541?
13
Calculate the greatest common divisor of 121 and 142938752.
121
What is the highest common divisor of 3190 and 590095?
55
Calculate the greatest common divisor of 1137282780 and 7320.
3660
Calculate the highest common factor of 70462 and 55566.
98
Calculate the highest common factor of 28719 and 5606587.
3191
What is the greatest common divisor of 66 and 76182?
6
What is the highest common factor of 4152 and 78944?
8
Calculate the greatest common factor of 551 and 918590834.
551
Calculate the greatest common divisor of 41796 and 479708.
172
What is the greatest common factor of 33 and 6393134?
11
Calculate the greatest common divisor of 375 and 1841540.
5
Calculate the highest common factor of 50303 and 22832989.
4573
What is the greatest common factor of 28130 and 10?
10
What is the highest common divisor of 3455921040 and 11964?
11964
What is the greatest common factor of 26 and 1034569978?
26
Calculate the greatest common divisor of 2538 and 9582975.
27
What is the highest common factor of 1736472647 and 7?
7
What is the greatest common factor of 76 and 91714330?
38
What is the greatest common divisor of 81446 and 114642?
386
Calculate the highest common factor of 953 and 43886603.
953
What is the greatest common factor of 784 and 2637056?
16
Calculate the highest common divisor of 132691 and 285623.
2249
What is the highest common factor of 320 and 455740?
20
What is the greatest common divisor of 134662 and 1474?
22
Calculate the highest common factor of 510 and 45